
False
Let q = -5 + 0. Is (q - (-1 + 2049))/(-1) a prime number?
True
Let a = -567 + 5968. Is a composite?
True
Let f(r) = -58*r + 23. Is f(-27) a composite number?
True
Suppose r - 9177 - 856 = 0. Is r a prime number?
False
Suppose -11771 - 5829 = 2*h. Is 1/3 - (2 - h/(-6)) prime?
False
Let n = 380 + -196. Let g = n + 414. Suppose -2*b - g = -4*b. Is b composite?
True
Let s be ((-9)/15 - 1)*90. Let i = -332 - s. Let c = 357 + i. Is c a composite number?
True
Is (-39074)/(7 + -6 + -3) composite?
True
Let c(r) = 912*r**2 + 12*r + 2. Is c(4) a composite number?
True
Suppose 450 = -31*b + 33*b. Let j = b - 38. Is j a prime number?
False
Suppose 43*u - 806455 = -46688. Is u prime?
True
Let m(z) = -17*z - 19. Let o be m(-12). Suppose 0 = y - o - 110. Is y a prime number?
False
Let r = 231 + 8272. Is r composite?
True
Suppose 0 = 4*f - 2*i - 668 - 3788, -5*i = -10. Let p = 428 + f. Is p a composite number?
False
Let y(g) = 179*g**2 + 4*g - 1. Let o be y(5). Suppose 9*q - 3975 = o. Is q composite?
False
Suppose -9*q + 24397 = 2*r, 3*r - 4*r + 12188 = q. Is r a prime number?
False
Suppose 5*s - 9 = 2*s. Let b(n) = n - s + 0*n - 1 + 2 + 26*n**2. Is b(1) prime?
False
Let p(q) = -q - 2. Suppose 3*r = -4*i - 1, -4*r + 8 = -i - 16. Is p(i) a composite number?
False
Let d = 5897 - 2464. Is d a composite number?
False
Let a(o) = -22*o**3 - 5*o**2 + 3*o + 7. Is a(-5) composite?
False
Is (2/(4/(-52282)))/(45 + -46) prime?
True
Suppose 2*z - u - 3 = 2, -5*z + u + 17 = 0. Let v = -2 + 5. Suppose v + z = g. Is g a composite number?
False
Let w(z) = -2*z**2 + 6*z. Let c be w(3). Suppose 3*o - 1844 + 503 = c. Is o composite?
True
Let n = 18485 - -1542. Is n a composite number?
True
Let b = -178 - -363. Is b composite?
True
Is (1/((-18)/12))/(6/(-155619)) a prime number?
True
Let k(z) = -z**3 + 22*z**2 + 9*z - 139. Is k(-24) prime?
True
Let i = 16 + -11. Suppose 4*x = -3*l + 4*l + 1671, 0 = 3*x - i*l - 1232. Is x a prime number?
True
Suppose -4*y - 4*i + 51934 = 7306, 4*y - 2*i - 44640 = 0. Is y a composite number?
False
Is 14/56 - 4695/(-4) - 3 a composite number?
False
Let q(z) be the third derivative of z**8/2520 - 13*z**6/720 - z**5/60 + 8*z**2. Let m(b) be the third derivative of q(b). Is m(-7) composite?
False
Let c(x) = -41*x - 14. Suppose 0 = 2*n + 3*y + 10, 5*n + 28 = -2*y + 3. Is c(n) composite?
False
Suppose 14*b - 58636 = 10*b. Is b composite?
True
Suppose 28*q - 31*q = -393. Is q prime?
True
Let h = -471 + 242. Suppose o = -i + 4*i - 375, 4*i = o + 374. Let b = h - o. Is b a prime number?
True
Let w = -45 + 48. Suppose 2*i - w*k - 1120 = 0, 5 + 1 = -3*k. Is i prime?
True
Let m be ((-7527)/6 + -4)*40/(-6). Suppose -10*f + m = -0*f. Is f prime?
True
Let m(w) = -w**2 + w - 4. Let y be m(3). Let t = 20 + y. Suppose -5*d + 3*u = -3*d - 56, 0 = 5*u + t. Is d a prime number?
False
Let h(l) = 409*l**2 + 17*l - 17. Is h(-8) a composite number?
True
Suppose 9*a + 196 - 997 = 0. Let u = 1478 + a. Is u prime?
True
Suppose -18*y = -1419 - 2811. Is y a composite number?
True
Suppose -44 = 2*n - 6*n. Is (-2)/n - 6564/(-44) a composite number?
False
Let g(k) = 2*k**3 - 4*k**2 - 7*k - 4. Let o be g(-5). Let u = o + 648. Is u composite?
True
Suppose -5*y + t = -49, 10*t = 2*y + 5*t - 38. Let x(m) = -m**2 + 10*m - 6. Let w be x(y). Suppose -w*i = -3*r + 801, 534 = r + r + 5*i. Is r a prime number?
False
Let u = 4109 - -8682. Is u a prime number?
True
Suppose -v = 2*q - 3951, -5*q + 9880 = -0*q + 3*v. Is q a prime number?
True
Suppose f - 7*f = -6090. Let i(d) = d**3 - 6*d**2 - 8*d + 12. Let c be i(7). Suppose 5*p - c*b = f, 2*p - 611 = -p + 5*b. Is p a prime number?
False
Suppose k - 30 = -4*k - 5*n, -4*n = k - 21. Let v be ((-24)/28)/(k/(-7)). Suppose -v*w + w + 1005 = 0. Is w a composite number?
True
Let z be 1 - 4 - -4*187. Suppose 7*x - z = 2*x. Is x a composite number?
False
Is 29922 + -22 + (1 - 4) a composite number?
True
Suppose 20 = -5*z - w, 5*w + 4 - 14 = -3*z. Let g be (-8)/z*5/2. Suppose 0*r + 76 = g*r. Is r prime?
True
Let a = -5835 + 10058. Is a a prime number?
False
Suppose 0 = -3*x - 5*c + 191, 3*c - 1 = 2*c. Suppose -s + 193 = x. Is s composite?
False
Let n(d) = -46*d**3 - 13*d**2 - 4*d + 18. Is n(-7) composite?
False
Let c = 2 - -3. Suppose 0 = -5*s - j - 8, s - 3*j = 3 + c. Is s/(-3) + 1150/15 composite?
True
Suppose -4*i + 4*h + 5256 = 0, -2*i - 5*h + 1357 + 1264 = 0. Let j = i - -2579. Is (-3)/5 + j/70 a prime number?
False
Let j be (1/(-3))/(30/(-270)). Suppose 2*t = j*t - 2939. Is t a prime number?
True
Let v(r) = -r + 7. Suppose -5*k + 7*d = 2*d - 10, -5*k = 2*d - 31. Let q be v(k). Suppose -j = -3*j + q, -5*j - 230 = -5*h. Is h a composite number?
False
Let z = 24006 - 8227. Is z prime?
False
Let f(q) = -309*q - 8. Let n be f(2). Let v = 1983 - n. Is v prime?
True
Is (-6 - (-116012)/(-4))/(-1) composite?
False
Let s(f) = 95*f - 1. Let w be ((-9)/27)/((-2)/42). Let h be s(w). Suppose -2*v = -2*i + h, 2*v + 1658 = 5*i - v. Is i prime?
True
Suppose -8707 - 28631 = -7*o. Suppose 2*r + o = 8*r. Is r a composite number?
True
Let g be -763*-3*(-4)/12. Let y = g - -1342. Suppose 0 = 4*q - y - 633. Is q composite?
True
Let p(d) = -d**2. Let x be p(0). Suppose x = -2*o + 3*h + 121, -o + 87 = 2*h + 30. Suppose 4*s - 31 = -k, 19 + o = 2*k + 4*s. Is k composite?
False
Suppose 38 = 5*m - 5*j - 22, 5*j - 20 = -3*m. Suppose 4*d - 3*i - 101 = 0, -4*i + m + 20 = d. Suppose -d + 7 = -v. Is v a prime number?
True
Let u(c) = 733*c**2 - 16*c + 146. Is u(7) a composite number?
False
Let i(g) = 1 + 2 + 11*g**2 - 26 - 7*g. Is i(10) composite?
True
Let y(i) be the first derivative of i**3/3 - i**2 - 5*i - 7. Let k be y(4). Suppose -k*s = -7*s + 812. Is s a prime number?
False
Let m(x) = 125*x**2 - 12*x - 36. Is m(-5) composite?
True
Suppose -z = 5*p + 1, -2*p + 3 = -0*z - 3*z. Suppose -52 = -h - 0*h. Suppose f - 15 - h = p. Is f composite?
False
Let t = 47 - 42. Suppose 5*n - 1665 = -5*b, t*n - 2*n + 1346 = 4*b. Is b composite?
True
Let d(h) = 29*h**2 + 13*h - 37. Is d(-12) a prime number?
False
Suppose h - 3*c = 1040, 2135 = 8*h - 6*h + 5*c. Is h a composite number?
True
Let b(z) = -3*z - 3. Let x be b(-4). Let k(t) = 10*t - 19. Is k(x) prime?
True
Suppose 5*m = -d - 21, 0 = -3*d - d - 2*m + 6. Suppose d*r + 0*r - 60 = 0. Suppose -10*q + r*q = 165. Is q a prime number?
False
Let s be (-1 + -1 - 4)/(-2). Let b be (-33)/2*12/(-9). Suppose 0 = 3*m - 5*g - 164, 3*g = s*m - 184 + b. Is m prime?
True
Let q(o) = o**2 + 553*o**3 + 0 - 2115*o**3 - 3*o**2 + 1. Is q(-1) a composite number?
True
Suppose -4*t = -0*t - 2*h - 47834, -3*h + 23921 = 2*t. Is t a prime number?
True
Is 3/(30/1355)*2 a composite number?
False
Suppose -6*o + 66731 = o. Is o a composite number?
False
Suppose -4*n + 0*r = -r + 1155, 4*n - 3*r + 1153 = 0. Let k = -194 - n. Is k a composite number?
True
Suppose -5*v = v. Suppose 2*z + 8 - 60 = v. Suppose 0 = q - 27 - z. Is q a composite number?
False
Let v = 214 + 75. Is (v/170 - 2/10)*206 prime?
False
Suppose 3*u - 27 = 2*u. Let m = 20 + -28. Let p = m + u. Is p composite?
False
Suppose -3*v - 3*t + 1764 = 0, 3*v + 0*v - 1768 = -5*t. Let p = 1095 - v. Is p composite?
False
Suppose 4 = -g, -4*m + 7*g = 11*g - 23932. Is m prime?
True
Let f = 104867 + -58024. Is f a composite number?
True
Let j be 1616/32 - (-1)/2. Suppose j = n - 590. Is n composite?
False
Suppose 5*j + 3*l = -24, l + 1 + 15 = -3*j. Let v be (-2)/j - (-4)/(-3). Is 26/(-13)*43*v composite?
True
Let j = 30350 + -7593. Is j prime?
False
Suppose 5*i - s + 85245 = 0, -10 + 0 = -2*s. Let o = -12085 - i. Is o a prime number?
False
Suppose -19*o + 9*o + 29590 = 0. Is o prime?
False
Let r be 3/4*1 - 27/4. Let k = 311 + r. Is k composite?
True
Suppose 0*v + 3*v = 3*c - 15, -v + 10 = 2*c. Suppose -3*y - y - 3*n = -187, 5*n - 25 = v. Is y a prime number?
True
Let v(u) = 23*u + 24. Let p be v(-11). Let m = p + 416. Is m a composite number?
True
Suppose 0 = -23*u + 384265 + 290670. Is u a composite number?
True
Let m = -1605 + 876. Let k = 1166 + m. Is k composite?
True
Let t = -4 - -9. Suppose o = 0, j + 3*o + 4916 = t*j. Is j prime?
True
Is -487*(-6)/(-18)*-21 a composite number?
True
Suppose -5*m + 31229 = -3*g, -24978 = -4*m - g + 6*g. Is m prime?
True
Let a(v) = 3*v**2 + 12*v - 28. Let s = -90 - -73. 